{"id":89,"date":"2025-09-21T15:08:35","date_gmt":"2025-09-21T13:08:35","guid":{"rendered":"https:\/\/forlagetfiken.no\/?post_type=product&#038;p=89"},"modified":"2025-09-28T17:19:35","modified_gmt":"2025-09-28T15:19:35","slug":"andsdap-og-tungetale-av-t-b-barratt","status":"publish","type":"product","link":"https:\/\/forlagetfiken.no\/index.php\/produkt\/andsdap-og-tungetale-av-t-b-barratt\/","title":{"rendered":"\u00c5ndsd\u00e5p og tungetale. Av T.B. Barratt"},"content":{"rendered":"<p>Man har fors\u00f8kt \u00e5 forsvare en del presters angrep p\u00e5 pinsevekkelsen. Det er naturlig. Men selv om deres uttalelser ofte ligger i et helt forskjellig plan, s\u00e5 fors\u00f8ker de som oftest \u00e5 sl\u00e5 ned p\u00e5 tungetalen som \u00e5ndelig fenomen. Noen sier at det er \u00abet svakhetstegn\u00bb, ja, at det like godt kan v\u00e6re et bevis for \u00ab\u00f8delagte nerver\u00bb. Konsekvensen av \u00e5 si noe slikt blir at Paulus, som var sin samtids og alle tiders st\u00f8rste tungetaler, m\u00e5tte v\u00e6re et s\u00f8rgelig, svekket menneske, og n\u00e5r han oppfordret mennesker til \u00e5 holde p\u00e5 med tungetalen og \u00f8nsket at de alle skulle tale i tunger og gav uttrykkelig ordre om at man ikke skulle hindre tungetalen, da oppfordret han rett og slett sine medmennesker til \u00e5 s\u00f8ke det som brag-te fysisk svekkelse, ja, det som en sa virker som \u00aben \u00e5ndelig sykdom\u00bb.<\/p>\n<p>T.B. Barratt. 1933<\/p>\n","protected":false},"excerpt":{"rendered":"<p>Man har fors\u00f8kt \u00e5 forsvare en del presters angrep p\u00e5 pinsevekkelsen. Det er naturlig. Men selv om deres uttalelser ofte ligger i et helt forskjellig plan, s\u00e5 fors\u00f8ker de som&#8230;<\/p>\n","protected":false},"featured_media":91,"template":"","meta":[],"product_brand":[],"product_cat":[16],"product_tag":[],"class_list":{"0":"post-89","1":"product","2":"type-product","3":"status-publish","4":"has-post-thumbnail","6":"product_cat-e-boker","8":"first","9":"instock","10":"downloadable","11":"virtual","12":"purchasable","13":"product-type-simple"},"_links":{"self":[{"href":"https:\/\/forlagetfiken.no\/index.php\/wp-json\/wp\/v2\/product\/89","targetHints":{"allow":["GET"]}}],"collection":[{"href":"https:\/\/forlagetfiken.no\/index.php\/wp-json\/wp\/v2\/product"}],"about":[{"href":"https:\/\/forlagetfiken.no\/index.php\/wp-json\/wp\/v2\/types\/product"}],"wp:featuredmedia":[{"embeddable":true,"href":"https:\/\/forlagetfiken.no\/index.php\/wp-json\/wp\/v2\/media\/91"}],"wp:attachment":[{"href":"https:\/\/forlagetfiken.no\/index.php\/wp-json\/wp\/v2\/media?parent=89"}],"wp:term":[{"taxonomy":"product_brand","embeddable":true,"href":"https:\/\/forlagetfiken.no\/index.php\/wp-json\/wp\/v2\/product_brand?post=89"},{"taxonomy":"product_cat","embeddable":true,"href":"https:\/\/forlagetfiken.no\/index.php\/wp-json\/wp\/v2\/product_cat?post=89"},{"taxonomy":"product_tag","embeddable":true,"href":"https:\/\/forlagetfiken.no\/index.php\/wp-json\/wp\/v2\/product_tag?post=89"}],"curies":[{"name":"wp","href":"https:\/\/api.w.org\/{rel}","templated":true}]}}

Åndsdåp og tungetale. Av T.B. Barratt

<p>Man har forsøkt å forsvare en del presters angrep på pinsevekkelsen. Det er naturlig. Men selv om deres uttalelser ofte ligger i et helt forskjellig plan, så forsøker de som oftest å slå ned på tungetalen som åndelig fenomen. Noen sier at det er «et svakhetstegn», ja, at det like godt kan være et bevis for «ødelagte nerver». Konsekvensen av å si noe slikt blir at Paulus, som var sin samtids og alle tiders største tungetaler, måtte være et sørgelig, svekket menneske, og når han oppfordret mennesker til å holde på med tungetalen og ønsket at de alle skulle tale i tunger og gav uttrykkelig ordre om at man ikke skulle hindre tungetalen, da oppfordret han rett og slett sine medmennesker til å søke det som brag-te fysisk svekkelse, ja, det som en sa virker som «en åndelig sykdom».</p>
<p>T.B. Barratt. 1933</p>

<p>Man har forsøkt å forsvare en del presters angrep på pinsevekkelsen. Det er naturlig. Men selv om deres uttalelser ofte ligger i et helt forskjellig plan, så forsøker de som&#8230;</p>
