{"id":62,"date":"2025-09-20T20:00:18","date_gmt":"2025-09-20T18:00:18","guid":{"rendered":"https:\/\/forlagetfiken.no\/?post_type=product&#038;p=62"},"modified":"2025-09-28T17:20:08","modified_gmt":"2025-09-28T15:20:08","slug":"de-kristne-menigheter","status":"publish","type":"product","link":"https:\/\/forlagetfiken.no\/index.php\/produkt\/de-kristne-menigheter\/","title":{"rendered":"De kristne menigheter &#8211; Av T. B. Barratt"},"content":{"rendered":"<p>Denne bok er i grunnen en samling av de forelesninger som ble holdt p\u00e5 bibelskolen i \u00abFiladelfia\u00bb, Oslo, 1933. Da det er mange som gjerne vil lese de tanker som der fremkom, har forlaget bestemt \u00e5 utgi det hele i bokform. Det er med b\u00f8nn til Gud om at boken m\u00e5 bli til velsignelse for Guds folk, at den utgis, og at man m\u00e5 begynne \u00e5 innrette seg overalt blant de kristne i Norge etter det bibelske m\u00f8nster og ikke lenger la seg binde av gamle menneskelige tradisjoner.<\/p>\n<p>Oslo, 6\u20133\u20131933.<\/p>\n<p>Thomas Ball Barratt<\/p>\n","protected":false},"excerpt":{"rendered":"<p>Det er med b\u00f8nn til Gud om at boken De kristne menigheter m\u00e5 bli til velsignelse for Guds folk, at den utgis, og at man m\u00e5 begynne \u00e5 innrette seg overalt blant de kristne i Norge etter det bibelske m\u00f8nster og ikke lenger la seg binde av gamle menneskelige tradisjoner.<\/p>\n<p>Oslo, 6\u20133\u20131933.<\/p>\n<p>Thomas Ball Barratt<\/p>\n","protected":false},"featured_media":63,"template":"","meta":[],"product_brand":[],"product_cat":[16],"product_tag":[],"class_list":{"0":"post-62","1":"product","2":"type-product","3":"status-publish","4":"has-post-thumbnail","6":"product_cat-e-boker","8":"first","9":"instock","10":"downloadable","11":"virtual","12":"purchasable","13":"product-type-simple"},"_links":{"self":[{"href":"https:\/\/forlagetfiken.no\/index.php\/wp-json\/wp\/v2\/product\/62","targetHints":{"allow":["GET"]}}],"collection":[{"href":"https:\/\/forlagetfiken.no\/index.php\/wp-json\/wp\/v2\/product"}],"about":[{"href":"https:\/\/forlagetfiken.no\/index.php\/wp-json\/wp\/v2\/types\/product"}],"wp:featuredmedia":[{"embeddable":true,"href":"https:\/\/forlagetfiken.no\/index.php\/wp-json\/wp\/v2\/media\/63"}],"wp:attachment":[{"href":"https:\/\/forlagetfiken.no\/index.php\/wp-json\/wp\/v2\/media?parent=62"}],"wp:term":[{"taxonomy":"product_brand","embeddable":true,"href":"https:\/\/forlagetfiken.no\/index.php\/wp-json\/wp\/v2\/product_brand?post=62"},{"taxonomy":"product_cat","embeddable":true,"href":"https:\/\/forlagetfiken.no\/index.php\/wp-json\/wp\/v2\/product_cat?post=62"},{"taxonomy":"product_tag","embeddable":true,"href":"https:\/\/forlagetfiken.no\/index.php\/wp-json\/wp\/v2\/product_tag?post=62"}],"curies":[{"name":"wp","href":"https:\/\/api.w.org\/{rel}","templated":true}]}}